re the prime factors of 7846?
2, 3923
What are the prime factors of 128252?
2, 32063
What are the prime factors of 5825?
5, 233
List the prime factors of 52365.
3, 5, 3491
What are the prime factors of 109042?
2, 54521
List the prime factors of 80504.
2, 29, 347
What are the prime factors of 2862?
2, 3, 53
List the prime factors of 780.
2, 3, 5, 13
List the prime factors of 55838.
2, 27919
What are the prime factors of 39969?
3, 4441
What are the prime factors of 19885?
5, 41, 97
List the prime factors of 9770.
2, 5, 977
What are the prime factors of 12180?
2, 3, 5, 7, 29
What are the prime factors of 28989?
3, 3221
List the prime factors of 4283.
4283
What are the prime factors of 2918?
2, 1459
What are the prime factors of 136285?
5, 97, 281
List the prime factors of 35406.
2, 3, 7, 281
What are the prime factors of 3337?
47, 71
List the prime factors of 7422.
2, 3, 1237
What are the prime factors of 5209?
5209
What are the prime factors of 931?
7, 19
List the prime factors of 150.
2, 3, 5
List the prime factors of 70540.
2, 5, 3527
List the prime factors of 1716.
2, 3, 11, 13
What are the prime factors of 52435?
5, 10487
List the prime factors of 15266.
2, 17, 449
What are the prime factors of 11119?
11119
List the prime factors of 5234.
2, 2617
List the prime factors of 8368.
2, 523
List the prime factors of 17735.
5, 3547
List the prime factors of 27662.
2, 13831
What are the prime factors of 163?
163
What are the prime factors of 1745?
5, 349
List the prime factors of 534.
2, 3, 89
List the prime factors of 14152.
2, 29, 61
List the prime factors of 92986.
2, 19, 2447
List the prime factors of 2238.
2, 3, 373
List the prime factors of 1848.
2, 3, 7, 11
What are the prime factors of 1064?
2, 7, 19
List the prime factors of 5100.
2, 3, 5, 17
List the prime factors of 1219.
23, 53
What are the prime factors of 5659?
5659
What are the prime factors of 258?
2, 3, 43
List the prime factors of 3284.
2, 821
List the prime factors of 600.
2, 3, 5
What are the prime factors of 1112?
2, 139
List the prime factors of 4321.
29, 149
What are the prime factors of 9360?
2, 3, 5, 13
List the prime factors of 1555.
5, 311
List the prime factors of 1592.
2, 199
List the prime factors of 1969.
11, 179
What are the prime factors of 8301?
3, 2767
List the prime factors of 102517.
31, 3307
What are the prime factors of 65727?
3, 67, 109
What are the prime factors of 23593?
23593
List the prime factors of 5746.
2, 13, 17
What are the prime factors of 38881?
59, 659
List the prime factors of 1353.
3, 11, 41
List the prime factors of 63319.
23, 2753
List the prime factors of 236.
2, 59
List the prime factors of 3502.
2, 17, 103
What are the prime factors of 22545?
3, 5, 167
What are the prime factors of 76174?
2, 7, 5441
List the prime factors of 2499.
3, 7, 17
List the prime factors of 3678.
2, 3, 613
What are the prime factors of 488?
2, 61
List the prime factors of 18286.
2, 41, 223
What are the prime factors of 14841?
3, 17, 97
List the prime factors of 758.
2, 379
List the prime factors of 41941.
41941
List the prime factors of 8267.
7, 1181
List the prime factors of 43342.
2, 13, 1667
List the prime factors of 15626.
2, 13, 601
What are the prime factors of 1900?
2, 5, 19
List the prime factors of 5974.
2, 29, 103
List the prime factors of 7418.
2, 3709
List the prime factors of 11166.
2, 3, 1861
What are the prime factors of 2272?
2, 71
What are the prime factors of 29687?
7, 4241
List the prime factors of 1671.
3, 557
List the prime factors of 140.
2, 5, 7
List the prime factors of 219.
3, 73
List the prime factors of 40558.
2, 7, 2897
List the prime factors of 30483.
3, 1129
List the prime factors of 10941.
3, 7, 521
List the prime factors of 5848.
2, 17, 43
What are the prime factors of 1200?
2, 3, 5
What are the prime factors of 1238?
2, 619
List the prime factors of 3794.
2, 7, 271
What are the prime factors of 43891?
43891
What are the prime factors of 5619?
3, 1873
What are the prime factors of 116?
2, 29
List the prime factors of 9766.
2, 19, 257
What are the prime factors of 32207?
7, 43, 107
What are the prime factors of 9515?
5, 11, 173
List the prime factors of 135.
3, 5
List the prime factors of 43201.
43201
List the prime factors of 63323.
13, 4871
List the prime factors of 11566.
2, 5783
What are the prime factors of 1725?
3, 5, 23
List the prime factors of 42105.
3, 5, 7, 401
List the prime factors of 142054.
2, 11, 587
List the prime factors of 29351.
7, 599
What are the prime factors of 9067?
9067
List the prime factors of 10593.
3, 11, 107
What are the prime factors of 33815?
5, 6763
List the prime factors of 160246.
2, 19, 4217
What are the prime factors of 3656?
2, 457
List the prime factors of 4715.
5, 23, 41
List the prime factors of 27587.
7, 563
List the prime factors of 9797.
97, 101
What are the prime factors of 13960?
2, 5, 349
List the prime factors of 57912.
2, 3, 19, 127
List the prime factors of 39866.
2, 31, 643
What are the prime factors of 1096?
2, 137
What are the prime factors of 106192?
2, 6637
List the prime factors of 25900.
2, 5, 7, 37
What are the prime factors of 1045?
5, 11, 19
What are the prime factors of 51?
3, 17
What are the prime factors of 80766?
2, 3, 7, 641
What are the prime factors of 22687?
7, 463
What are the prime factors of 155055?
3, 5, 10337
What are the prime factors of 1520?
2, 5, 19
What are the prime factors of 1816?
2, 227
What are the prime factors of 40613?
17, 2389
What are the prime factors of 834?
2, 3, 139
List the prime factors of 74.
2, 37
List the prime factors of 1294.
2, 647
List the prime factors of 45452.
2, 11, 1033
List the prime factors of 55144.
2, 61, 113
List the prime factors of 735.
3, 5, 7
List the prime factors of 10440.
2, 3, 5, 29
List the prime factors of 1284.
2, 3, 107
What are the prime factors of 1712?
2, 107
What are the prime factors of 1724?
2, 431
List the prime factors of 235.
5, 47
What are the prime factors of 16410?
2, 3, 5, 547
What are the prime factors of 29148?
2, 3, 7, 347
What are the prime factors of 10418?
2, 5209
What are the prime factors of 65566?
2, 32783
What are the prime factors of 82167?
3, 61, 449
What are the prime factors of 113945?
5, 13, 1753
What are the prime factors of 7048?
2, 881
List the prime factors of 1263.
3, 421
List the prime factors of 680.
2, 5, 17
What are the prime factors of 10896?
2, 3, 227
List the prime factors of 11836.
2, 11, 269
List the prime factors of 438.
2, 3, 73
What are the prime factors of 344?
2, 43
What are the prime factors of 3847?
3847
List the prime factors of 44712.
2, 3, 23
What are the prime factors of 5710?
2, 5, 571
List the prime factors of 550.
2, 5, 11
List the prime factors of 23122.
2, 11, 1051
List the prime factors of 48312.
2, 3, 11, 61
What are the prime factors of 487?
487
List the prime factors of 114714.
2, 3, 6373
What are the prime factors of 8746?
2, 4373
What are the prime factors of 412?
2, 103
What are the prime factors of 23922?
2, 3, 443
List the prime factors of 2456.
2, 307
List the prime factors of 17629.
17, 61
What are the prime factors of 26125?
5, 11, 19
What are the prime factors of 15932?
2, 7, 569
List the prime factors of 1038.
2, 3, 173
What are the prime factors of 892?
2, 223
What are the prime factors of 1803?
3, 601
What are the prime factors of 55432?
2, 13, 41
List the prime factors of 51897.
3, 17299
List the prime factors of 5120.
2, 5
List the prime factors of 76110.
2, 3, 5, 43, 59
List the prime factors of 719.
719
What are the prime factors of 555?
3, 5, 37
List the prime factors of 27163.
23, 1181
List the prime factors of 2487.
3, 829
What are the prime factors of 77203?
7, 41, 269
What are the prime factors of 7198?
2, 59, 61
What are the prime factors of 1499?
1499
List the prime factors of 475.
5, 19
List the prime factors of 800.
2, 5
What are the prime factors of 126272?
2, 1973
List the prime factors of 90198.
2, 3, 5011
What are the prime factors of 4708?
2, 11, 107
List the prime factors of 7848.
2, 3, 109
What are the prime factors of 739?
739
List the prime factors of 1514.
2, 757
List the prime factors of 3992.
2, 499
List the prime factors of 578.
2, 17
List the prime factors of 6759.
3, 751
What are the prime factors of 2935?
5, 